{"id":51,"date":"2013-09-03T19:51:21","date_gmt":"2013-09-03T17:51:21","guid":{"rendered":"http:\/\/frick.fr\/ldl\/?page_id=51"},"modified":"2019-02-23T14:22:16","modified_gmt":"2019-02-23T13:22:16","slug":"les-glenan","status":"publish","type":"page","link":"https:\/\/frick.fr\/ldl\/les-glenan\/","title":{"rendered":"Les Gl\u00e9nan"},"content":{"rendered":"Vous devez \u00eatre connect\u00e9 pour voir ce contenu.","protected":false},"excerpt":{"rendered":"Vous devez \u00eatre connect\u00e9 pour voir ce contenu.","protected":false},"author":8,"featured_media":238,"parent":0,"menu_order":40,"comment_status":"closed","ping_status":"closed","template":"","meta":{"footnotes":""},"class_list":["post-51","page","type-page","status-publish","has-post-thumbnail","hentry"],"_links":{"self":[{"href":"https:\/\/frick.fr\/ldl\/wp-json\/wp\/v2\/pages\/51","targetHints":{"allow":["GET"]}}],"collection":[{"href":"https:\/\/frick.fr\/ldl\/wp-json\/wp\/v2\/pages"}],"about":[{"href":"https:\/\/frick.fr\/ldl\/wp-json\/wp\/v2\/types\/page"}],"author":[{"embeddable":true,"href":"https:\/\/frick.fr\/ldl\/wp-json\/wp\/v2\/users\/8"}],"replies":[{"embeddable":true,"href":"https:\/\/frick.fr\/ldl\/wp-json\/wp\/v2\/comments?post=51"}],"version-history":[{"count":5,"href":"https:\/\/frick.fr\/ldl\/wp-json\/wp\/v2\/pages\/51\/revisions"}],"predecessor-version":[{"id":323,"href":"https:\/\/frick.fr\/ldl\/wp-json\/wp\/v2\/pages\/51\/revisions\/323"}],"wp:featuredmedia":[{"embeddable":true,"href":"https:\/\/frick.fr\/ldl\/wp-json\/wp\/v2\/media\/238"}],"wp:attachment":[{"href":"https:\/\/frick.fr\/ldl\/wp-json\/wp\/v2\/media?parent=51"}],"curies":[{"name":"wp","href":"https:\/\/api.w.org\/{rel}","templated":true}]}}