{"id":106,"date":"2013-09-04T13:07:18","date_gmt":"2013-09-04T11:07:18","guid":{"rendered":"http:\/\/frick.fr\/ldl\/?page_id=106"},"modified":"2019-02-23T14:24:36","modified_gmt":"2019-02-23T13:24:36","slug":"la-pointe-du-raz","status":"publish","type":"page","link":"https:\/\/frick.fr\/ldl\/la-pointe-du-raz\/","title":{"rendered":"La Pointe du Raz"},"content":{"rendered":"Vous devez \u00eatre connect\u00e9 pour voir ce contenu.","protected":false},"excerpt":{"rendered":"Vous devez \u00eatre connect\u00e9 pour voir ce contenu.","protected":false},"author":8,"featured_media":250,"parent":0,"menu_order":90,"comment_status":"closed","ping_status":"closed","template":"","meta":{"footnotes":""},"class_list":["post-106","page","type-page","status-publish","has-post-thumbnail","hentry"],"_links":{"self":[{"href":"https:\/\/frick.fr\/ldl\/wp-json\/wp\/v2\/pages\/106","targetHints":{"allow":["GET"]}}],"collection":[{"href":"https:\/\/frick.fr\/ldl\/wp-json\/wp\/v2\/pages"}],"about":[{"href":"https:\/\/frick.fr\/ldl\/wp-json\/wp\/v2\/types\/page"}],"author":[{"embeddable":true,"href":"https:\/\/frick.fr\/ldl\/wp-json\/wp\/v2\/users\/8"}],"replies":[{"embeddable":true,"href":"https:\/\/frick.fr\/ldl\/wp-json\/wp\/v2\/comments?post=106"}],"version-history":[{"count":4,"href":"https:\/\/frick.fr\/ldl\/wp-json\/wp\/v2\/pages\/106\/revisions"}],"predecessor-version":[{"id":286,"href":"https:\/\/frick.fr\/ldl\/wp-json\/wp\/v2\/pages\/106\/revisions\/286"}],"wp:featuredmedia":[{"embeddable":true,"href":"https:\/\/frick.fr\/ldl\/wp-json\/wp\/v2\/media\/250"}],"wp:attachment":[{"href":"https:\/\/frick.fr\/ldl\/wp-json\/wp\/v2\/media?parent=106"}],"curies":[{"name":"wp","href":"https:\/\/api.w.org\/{rel}","templated":true}]}}