{"id":103,"date":"2013-09-04T13:06:29","date_gmt":"2013-09-04T11:06:29","guid":{"rendered":"http:\/\/frick.fr\/ldl\/?page_id=103"},"modified":"2019-02-23T14:19:55","modified_gmt":"2019-02-23T13:19:55","slug":"le-goudoul","status":"publish","type":"page","link":"https:\/\/frick.fr\/ldl\/le-goudoul\/","title":{"rendered":"Le Goudoul"},"content":{"rendered":"Vous devez \u00eatre connect\u00e9 pour voir ce contenu.","protected":false},"excerpt":{"rendered":"Vous devez \u00eatre connect\u00e9 pour voir ce contenu.","protected":false},"author":8,"featured_media":242,"parent":0,"menu_order":20,"comment_status":"closed","ping_status":"closed","template":"","meta":{"footnotes":""},"class_list":["post-103","page","type-page","status-publish","has-post-thumbnail","hentry"],"_links":{"self":[{"href":"https:\/\/frick.fr\/ldl\/wp-json\/wp\/v2\/pages\/103","targetHints":{"allow":["GET"]}}],"collection":[{"href":"https:\/\/frick.fr\/ldl\/wp-json\/wp\/v2\/pages"}],"about":[{"href":"https:\/\/frick.fr\/ldl\/wp-json\/wp\/v2\/types\/page"}],"author":[{"embeddable":true,"href":"https:\/\/frick.fr\/ldl\/wp-json\/wp\/v2\/users\/8"}],"replies":[{"embeddable":true,"href":"https:\/\/frick.fr\/ldl\/wp-json\/wp\/v2\/comments?post=103"}],"version-history":[{"count":5,"href":"https:\/\/frick.fr\/ldl\/wp-json\/wp\/v2\/pages\/103\/revisions"}],"predecessor-version":[{"id":320,"href":"https:\/\/frick.fr\/ldl\/wp-json\/wp\/v2\/pages\/103\/revisions\/320"}],"wp:featuredmedia":[{"embeddable":true,"href":"https:\/\/frick.fr\/ldl\/wp-json\/wp\/v2\/media\/242"}],"wp:attachment":[{"href":"https:\/\/frick.fr\/ldl\/wp-json\/wp\/v2\/media?parent=103"}],"curies":[{"name":"wp","href":"https:\/\/api.w.org\/{rel}","templated":true}]}}