{"id":9,"date":"2013-05-21T17:15:48","date_gmt":"2013-05-21T15:15:48","guid":{"rendered":"http:\/\/frick.fr\/BrunoMichele\/?page_id=9"},"modified":"2014-05-04T12:24:11","modified_gmt":"2014-05-04T10:24:11","slug":"accueil","status":"publish","type":"page","link":"http:\/\/frick.fr\/BrunoMichele\/","title":{"rendered":"Faire-Part"},"content":{"rendered":"<p><span style=\"line-height: 1.5em;\"><div class=\"su-column su-column-size-1-3\"><div class=\"su-column-inner su-u-clearfix su-u-trim\"><\/span>\u00a0\u00a0<\/p>\n<p style=\"text-align: center;\"><img loading=\"lazy\" decoding=\"async\" class=\"aligncenter\" alt=\"bruno\" src=\"http:\/\/frick.fr\/BrunoMichele\/wp-content\/uploads\/2013\/05\/bruno.jpg\" width=\"251\" height=\"172\" \/><\/p>\n<\/div><\/div>\n<div class=\"su-column su-column-size-1-3\"><div class=\"su-column-inner su-u-clearfix su-u-trim\">\n<p style=\"text-align: center;\"><span style=\"font-family: arial, helvetica, sans-serif; font-size: medium;\" data-mce-mark=\"1\">Mais oui, c&rsquo;est s\u00e9rieux !\u00a0<br \/><\/span><span style=\"font-family: arial, helvetica, sans-serif; font-size: medium;\">Nous nous nous sommes mari\u00e9s !\u00a0<br \/><\/span><span style=\"font-family: arial, helvetica, sans-serif; font-size: medium;\" data-mce-mark=\"1\">\u00a0Le 27 Juillet 2013 <a title=\"Plan d\u2019acc\u00e8s\" href=\"http:\/\/frick.fr\/BrunoMichele\/plan-dacces\/\" target=\"_blank\">au Pecq<\/a><\/span><\/p>\n<p style=\"text-align: center;\"><span style=\"font-family: arial, helvetica, sans-serif; font-size: medium;\" data-mce-mark=\"1\">Merci \u00e0 tous de vous \u00eatre joints \u00e0 nous pour cet\u00a0\u00e9v\u00e9nement\u00a0!<\/span><\/p>\n<p style=\"text-align: center;\"><span style=\"font-family: arial, helvetica, sans-serif; font-size: medium;\">Gr\u00e2ce \u00e0 votre g\u00e9n\u00e9rosit\u00e9 nous sommes partis au Vietnam et au Cambodge au mois de mars 2014,<br \/> <\/span><br \/> <span style=\"font-family: arial, helvetica, sans-serif; font-size: large;\"><a title=\"Voyage\" href=\"http:\/\/frick.fr\/BrunoMichele\/idee-cadeau\/\"><span style=\"font-size: medium;\">(re)montez dans l&rsquo;avion avec nous !<\/span><\/a><\/span><\/p>\n<\/div><\/div>\n<div class=\"su-column su-column-size-1-3 su-column-last\"><div class=\"su-column-inner su-u-clearfix su-u-trim\">\u00a0\u00a0<\/p>\n<p style=\"text-align: center;\"><img loading=\"lazy\" decoding=\"async\" class=\"aligncenter\" alt=\"michele\" src=\"http:\/\/frick.fr\/BrunoMichele\/wp-content\/uploads\/2013\/05\/michele.jpg\" width=\"251\" height=\"172\" \/><\/p>\n<\/div><\/div>\n<p>&nbsp;<\/p>\n","protected":false},"excerpt":{"rendered":"<p>&nbsp;<\/p>\n","protected":false},"author":2,"featured_media":0,"parent":0,"menu_order":0,"comment_status":"closed","ping_status":"closed","template":"template-page-fullwidth.php","meta":{"ngg_post_thumbnail":0,"footnotes":""},"class_list":["post-9","page","type-page","status-publish","hentry"],"_links":{"self":[{"href":"http:\/\/frick.fr\/BrunoMichele\/wp-json\/wp\/v2\/pages\/9","targetHints":{"allow":["GET"]}}],"collection":[{"href":"http:\/\/frick.fr\/BrunoMichele\/wp-json\/wp\/v2\/pages"}],"about":[{"href":"http:\/\/frick.fr\/BrunoMichele\/wp-json\/wp\/v2\/types\/page"}],"author":[{"embeddable":true,"href":"http:\/\/frick.fr\/BrunoMichele\/wp-json\/wp\/v2\/users\/2"}],"replies":[{"embeddable":true,"href":"http:\/\/frick.fr\/BrunoMichele\/wp-json\/wp\/v2\/comments?post=9"}],"version-history":[{"count":5,"href":"http:\/\/frick.fr\/BrunoMichele\/wp-json\/wp\/v2\/pages\/9\/revisions"}],"predecessor-version":[{"id":691,"href":"http:\/\/frick.fr\/BrunoMichele\/wp-json\/wp\/v2\/pages\/9\/revisions\/691"}],"wp:attachment":[{"href":"http:\/\/frick.fr\/BrunoMichele\/wp-json\/wp\/v2\/media?parent=9"}],"curies":[{"name":"wp","href":"https:\/\/api.w.org\/{rel}","templated":true}]}}